third derivative of -t**4/24 + 15*t**2. What is f(5)?
-5
Let r = 5 - 5. Let y(m) = r*m - m + 6 - 4 - m. Suppose -13 = -3*x + 2. Determine y(x).
-8
Let p(q) = q + 2. Suppose -4*t = l + l + 22, -l - 5*t = 17. Let b be p(l). Let o(m) = -4 + 10 - m - m + 3*m. Give o(b).
1
Let t = -7 - -11. Suppose -t*b - 2*g = g, -4 = 4*b + 4*g. Let o = 1 - b. Let h(r) = 2*r**2 + 2*r + 1. Determine h(o).
5
Let t(f) = -3*f + 2. Let m(n) = 7*n - 3. Let o(d) = -2*m(d) - 5*t(d). Give o(6).
2
Suppose 8 = -4*p - 4. Let w(l) be the second derivative of -l**3/6 - l**2/2 - l. Give w(p).
2
Let m(k) = k**2 - 7*k + 2. Let g be -2 + (-1 + 0)/1. Let b = g + 9. Determine m(b).
-4
Let q(a) = -3 - 3*a + a**3 + 7*a + 5 + 5*a**2. Let w be q(-2). Let x be w/(-21) - (-38)/(-14). Let u(k) = -k - 2. Calculate u(x).
1
Let g(b) = b - 4. Suppose -c + 23 = i + 2*i, -2*c - 3 = -i. What is g(i)?
3
Suppose 18 = -4*l + 5*l - 5*r, -5*l = 2*r - 9. Let q(f) = f**2 - 5*f + 2. Calculate q(l).
-4
Let j(g) = -20*g**3 - 3*g**2 + 17*g + 14. Let z(h) = -7*h**3 - h**2 + 6*h + 5. Let a(x) = 6*j(x) - 17*z(x). Let o be 2 + -3 + (1 - 0). Give a(o).
-1
Let g(r) be the first derivative of -r**2/2 - 7*r - 15. Give g(-5).
-2
Let o(k) = -2*k. Let s be o(-1). Let j(y) = -4*y**2 + 4*y**2 - 4*y**s + 1. Calculate j(-1).
-3
Let m(j) be the second derivative of -j**3/2 + 5*j**2/2 - 2*j. Determine m(5).
-10
Let f(r) = 2*r + 6. Let h(p) = p + 3. Let d(n) = -3*f(n) + 5*h(n). Suppose 0 = -o - 5. What is d(o)?
2
Let y(l) = l + 0*l + 7 - 2 + 0*l. Determine y(-4).
1
Let q(o) = -4*o**2 + 1 + 2*o - o + 2. Let n(g) = 3*g**2 - 2*g - 3. Let m(b) = -3*n(b) - 2*q(b). Calculate m(-2).
-9
Let d(h) = h**3 + 5. Let o(t) = 4*t + 8 + 3 + 2 - 3*t. Let m be o(-13). Give d(m).
5
Let r(y) = -7*y + 0*y + 4*y + 2*y + 8. Give r(6).
2
Let j(m) = m**3 + 2*m**2 - 2*m - 2. Let y = 1 + -9. Let z(s) = -s**3 - 8*s**2 + s + 6. Let k be z(y). What is j(k)?
2
Let l(i) = -5 - i - 2*i**2 - 1 + 12*i. Let k be l(5). Let q(m) = 7*m**3 - m. Determine q(k).
-6
Let c(z) = 2*z + 22 - 2*z**2 - 4*z - 24. Suppose 3*u + 22 = 4*h, 0*h - h = 2*u. Calculate c(u).
-6
Let u(k) = -2*k + 1. Let h(c) = 3*c**3 - c**2 - c + 1. Let p be h(1). Let a be (-18)/(-8) - p/8. Determine u(a).
-3
Suppose -7*l = 16 + 19. Let o(j) = -2*j + 7. What is o(l)?
17
Let n(g) = g + 2. Let o(y) = y**3 + 4*y**2 + 5*y + 13. Let s be o(-3). What is n(s)?
9
Let s(d) = d**3 - 2*d + 1. Let w(q) = -q + 4. Let r be w(10). Let l be (-10)/r + (-18)/27. Determine s(l).
0
Let w(x) = 2*x**3 + 0*x**3 - 4*x**2 - 2*x**3 + 2*x - 1 + x**3. Let z = 0 - -3. Give w(z).
-4
Let s(b) = b**2 + 11*b + 11. Let t be ((-1)/(-3))/((-1)/27). What is s(t)?
-7
Let g(w) = 1 + 0 + 0*w - w. Let a(i) = 6*i**2 + 5*i. Let o(r) = r**2 + r. Let y(p) = -a(p) + 5*o(p). Let n be y(-2). Calculate g(n).
5
Let i = -4 + 0. Let b(k) = 4*k**3 + 2*k**2 + 7*k + 7. Let p(g) = g**3 - g**2 + g + 1. Let d(m) = b(m) - 3*p(m). Let q be d(i). Let f(y) = 2*y - 2. What is f(q)?
6
Suppose 10 = -2*x, 4*x + 1 = -3*y - 1. Let i(s) = -2 + 2*s**2 - 3*s**2 + y*s**2 - s**3. What is i(5)?
-2
Let v(l) be the third derivative of l**5/60 - l**4/4 + 2*l**3/3 - 9*l**2. Determine v(6).
4
Let f be 8/(-2)*(-8)/16. Let j(h) = -h**3 - 5*h**2 - 5*h - 5. Let w be j(-4). Let y = f + w. Let d(g) = -3*g**2 - g + 1. What is d(y)?
-3
Let i = -8 - -12. Let q(y) = 6*y**2 + 9 + 2*y - i*y**3 + 0*y**3 + 5*y**3. What is q(-6)?
-3
Let k(w) be the first derivative of -4*w**3/3 - w + 4. Let v(h) = h + 6. Let x be v(-5). Determine k(x).
-5
Let h(b) = b**2 + b - 2. Suppose -5*i + 0*i - 45 = 0. Let w = i - -11. Give h(w).
4
Let v be 0 - -1 - (7 + 0). Let y(o) = -o + 5. Calculate y(v).
11
Let k(o) = o**2 - 1. Let u = -12 + 15. What is k(u)?
8
Let v(n) = n**2 + 4*n - 7. Let s be -14*-5*(-3)/30. Determine v(s).
14
Suppose 3 = -4*x + 3. Let a(i) = -i**3 - i**2 + i - 13. Calculate a(x).
-13
Let z(n) = -n**2 - 8*n - 6. Let p be z(-6). Let v be 0/5 - (-1 + p). Let y(l) = 1 + 3 + 3 - 3 - 3*l - l**2. Calculate y(v).
-6
Let s(h) be the third derivative of -h**6/60 + h**5/30 - h**4/24 + 3*h**2. Determine s(1).
-1
Let j(f) be the second derivative of -1/6*f**4 + 0*f**2 + 0 + 2/3*f**3 + 4*f - 1/40*f**5. Let k(c) be the second derivative of j(c). Determine k(-3).
5
Suppose 2*g = 3*t - g - 30, -16 = -2*t + g. Let y(s) = -s**2 + 7*s + 5. Give y(t).
11
Let k(x) = -29*x**2 + 5*x + 14. Let h be 13 - (0 + 1 + 1). Let v(w) = 10*w**2 - 2*w - 5. Let r(d) = h*v(d) + 4*k(d). Let t be (0 - -1)/(-4 + 7)*3. Give r(t).
-7
Let u(d) = -2 + 1 + 3*d + 0*d**3 + 3 + d**3 + 4*d**2. Suppose 7*a - 4 = 3*i + 2*a, 5 = -5*a. Determine u(i).
2
Let c be (-21)/14*8/(-6). Suppose -4*o + i = -15, -c*o + 15 = 4*i + 3. Let y(a) = a**3 - 5*a**2 + 5*a + 4. Determine y(o).
8
Let h(g) = -g**3 - 4*g**2 + 3*g + 2. Let l(q) = 3*q + 1. Let d be l(-2). Calculate h(d).
12
Let p(k) be the second derivative of -k**4/12 - k**3/3 - k**2 + 26*k. Calculate p(-4).
-10
Let l be (-27)/6*6/9. Let r(j) = 5*j - 1. Give r(l).
-16
Let m = -7 - -4. Let p = -1 - -4. Let j(z) = -2*z + 0*z + 0*z**2 - 4*z**2 - z**p. Give j(m).
-3
Suppose 0 = -d - 2*d. Let m(l) = l**2 - 5*l - 2*l**2 + d*l**2. Determine m(-5).
0
Let d(g) = 6*g**2 - 2*g + 1. Let b be d(1). Let p(k) = k - 1. What is p(b)?
4
Let x(r) be the second derivative of r**5/20 + r**3/6 - r**2/2 - 10*r. Calculate x(2).
9
Let o be (2/2 + 1)*1. Let f = 4 - o. Let n(q) = -3*q - q**2 + f - q**2 + 4*q**2. Give n(2).
4
Let l(r) = -r**2 + 3*r - 1. Let d(m) = -m**2 + 4*m - 1. Let b(f) = 3*d(f) - 4*l(f). Suppose -4*i = -3*j + 9, -2*i + 2*j - 6 = -5*i. Determine b(i).
1
Let n be (6/(-4))/(21/28). Let s be -2*2/(-8)*n. Let c(o) = -4*o - 1. Determine c(s).
3
Let o(r) be the second derivative of r + 0 + 1/6*r**3 + 0*r**2. Calculate o(-2).
-2
Let b(q) = -2*q + 7. Let w = -55 - -62. Determine b(w).
-7
Let x(i) be the first derivative of 1/2*i**2 + 1/6*i**3 + 1/60*i**5 + 2 + 0*i + 0*i**4. Let y(j) be the second derivative of x(j). Determine y(-2).
5
Suppose 0 = 4*t - 3*t. Let p(i) = 2*i**2 + i**2 - 2*i**2 - i - i**3 + 4. Determine p(t).
4
Let c(k) be the second derivative of -k**4/12 + k**3/6 + k**2/2 + 4*k. Determine c(2).
-1
Let f(t) = 58 - 58 + 6*t - t**2. What is f(5)?
5
Let n(h) = h**3 + 4*h**2 - 5. Let s = -45 - -26. Let a = -23 - s. What is n(a)?
-5
Let g(k) = k**2 - 7*k - 1. Suppose 4*c - 28 = -4. Give g(c).
-7
Let a(h) = -h**2 - 7*h - 3. Let f be a(-6). Suppose r + 2*d - 11 - 3 = 0, 5*r = -2*d + 30. Let j(l) = 4 - l - l - r + 1. Calculate j(f).
-5
Let m(g) = -3*g**3 - 2*g**2 + g - 1. Let a = 26 - 28. Determine m(a).
13
Let b(j) = -j. Suppose -h + 0 = 5. What is b(h)?
5
Let a(b) be the first derivative of -b**3/3 - 5*b**2 - 2*b + 42. What is a(-8)?
14
Let x(b) = 5*b - 3*b + 6 - 4*b + 0. Let z be x(4). Let r(q) = -6 + 2 + 2 + 3*q**2. What is r(z)?
10
Suppose -5*f = 3*i + i + 11, 4*f = -4*i - 12. Let d(x) be the second derivative of -x**4/2 - x**3/6 + 10*x. Determine d(f).
-7
Let g(x) be the second derivative of 0 + 6*x - 3*x**2 + 4/3*x**3 - 1/12*x**4. Calculate g(4).
10
Let a(h) be the second derivative of -h**4/12 - 9*h**2/2 + 7*h. Suppose 0 = -3*u + 6*u. Give a(u).
-9
Let x(t) = -t**3 + 4*t**2 - 5*t + 2. Let k = -6 - -20. Suppose -5 = 3*u - k. Give x(u).
-4
Let p(g) = -g + 2. Suppose -q = -3*q - 2*j - 4, -5*q = j + 26. Determine p(q).
8
Let d = 0 + 2. Let w(q) = 3 + 0 + 5*q**2 - 2 - q**3 - d*q. Give w(2).
9
Let v(s) = -1. Let z(g) = -12*g - 4. Let t(y) = 5*v(y) - z(y). Give t(1).
11
Let b = 139 - 135. Let a(h) = h + 1. Give a(b).
5
Let d(g) = g - 2. Let u be d(5). Suppose j + 17 = -3*i, -u*i - 8 = -j - 1. Let y(v) = 2*v + 4. Give y(j).
-6
Let x(r) be the second derivative of r**4/12 - 7*r**3/6 + 4*r**2 + 6*r. Calculate x(6).
2
Let j(r) = -r**3 - 3*r**2 + 3*r - 1. Let y be j(-4). Let t(q) = 6*q + 8*q - y - 11*q. What is t(2)?
3
Let n(l) = 2*l - 8 + 2 - l. Suppose -y + 8 + 24 = 0. Suppose 9 = -4*c + a + y, 3*c - a = 18. Calculate n(c).
-1
Let p(f) = -f - 2. Suppose 18 = -3*q - 0. Let a(c) be the second derivative of -c**3/6 - 2*c**2 - 2*c. Let t be a(q). Calculate p(t).
-4
Let m(j) = -8*j + 4*j**2 + 6*j + 21 - 3*j**2 + j. Calculate m(0).
21
Let c(u) = u**3 + 5*u**2 - u - 7. Suppose 4*j - 39 = 21. Suppose s - 5*b = j, -30 = -s + 4*b - 13. Suppose 4*y - 5 = -s. Calculate c(y).
-2
Suppose 0 = c - 7 - 5. Suppose 0 = -0*v - 4*v